What is u(p)?
-12
Let i(j) = -j**2 - 12*j + 11. Let q be -1 + 22/14 + 20/14. Suppose q*u - 10 = 0, 0*o + u + 7 = -o. Give i(o).
11
Let h be (-7 - -2) + (-160)/(-4). Let j(m) = m + 38 + h - 85. Let z be j(8). Let a(r) = -9*r - 5. Calculate a(z).
31
Let i(p) = 5*p + 10. Let w(s) = -4*s - 9. Let q(c) = -3*i(c) - 4*w(c). Let k(f) = -f**3 - 15*f**2 + 15*f - 16. Let g = 55 + -71. Let v be k(g). Calculate q(v).
6
Let v(f) be the second derivative of f**5/20 - 5*f**4/12 - 3*f**3/2 + 2*f**2 + f. Let r(b) = -20*b**2 + 1416*b + 290. Let q be r(71). What is v(q)?
-14
Let x be 6*(848/96)/53. Let i(y) = 12*y - 19. Calculate i(x).
-7
Let o(v) = -v**2 - 4*v + 2. Suppose 3*h - 4*h = -5*m - 198, -3*m = 5*h - 1018. Let l = h + -208. What is o(l)?
-3
Let z(q) be the third derivative of q**6/120 - 3*q**5/20 - 9*q**4/4 + 16*q**3/3 + 4*q**2 - 16*q. Let c be z(13). Let d(n) = 2*n - 11. Give d(c).
1
Suppose 4*d - 2*n = 3*n + 172, 4*d - 3*n = 180. Suppose -5*q + 5*b + d = 3, 4*q - b - 24 = 0. Let i(a) = -a**2 + a + 4. Determine i(q).
-16
Let f(c) be the third derivative of -106*c**2 + 0 + 1/24*c**4 - 5/3*c**3 + 0*c. What is f(6)?
-4
Let a(n) be the third derivative of -n**5/60 + n**4/4 + n**3 + 2*n**2. Suppose 32*c - 144 - 48 = 0. Calculate a(c).
6
Let m(q) be the third derivative of q**6/120 - q**5/10 + 3*q**4/8 - 13*q**3/2 + 2*q**2 + 8492. Determine m(5).
-19
Let m(p) = 6 - 7*p - 2 - 1 + p**2. Let z be 12/5*(14 - (-222)/(-18)). Give m(z).
-9
Let w = 452 - 454. Let b(q) = 7*q - 32*q + 11*q + 13*q. Calculate b(w).
2
Let f(q) = -3*q**3 - 11*q**2 + 12*q + 5. Let p(g) = -10*g**3 - 33*g**2 + 35*g + 15. Let v(k) = -7*f(k) + 2*p(k). Suppose 199 = -30*h - 161. Calculate v(h).
19
Let r(j) = -j**3 + 3*j**2 + 2*j + 2. Suppose 10*b - 11*b = 292. Let g = 296 + b. What is r(g)?
-6
Let p(l) = -5*l + 3. Suppose 17*t - 11*t = -36. Suppose -s + 8 = -12. Let c be t/(-15) - 88/s. What is p(c)?
23
Let q(r) = r**3 + 13*r**2 + 15*r + 28. Let n = -3653 - -3641. Determine q(n).
-8
Let r(g) = 3*g**2 - 3*g - 19. Let n(y) = y**3 + 137*y**2 - 709*y + 146. Let q be n(-142). Calculate r(q).
17
Suppose 47*p + 459 = 48*p. Let o(m) = -p*m + 919*m - 459*m - 7. What is o(8)?
1
Suppose 4*q = -4*y - q + 5, 2 = 4*y + 2*q. Suppose 288*a - 290*a - 10 = y. Let u(t) = -t + 0 - 3*t**2 - t**3 + 1 + 0*t**2 - 2*t**2. What is u(a)?
6
Let u(k) be the third derivative of k**6/120 + 2*k**5/15 + k**4/6 + 11*k**3/3 + k**2 - k - 607. Determine u(-8).
-10
Let u(i) = i**3 - 15*i**2 - 17*i + 18. Let b be ((-16)/40)/(2/(-80)). Let n be u(b). Let r be n/(4/(-6)*3). Let o(g) = 9*g + 1. Calculate o(r).
-8
Let b(r) = -4*r + 1. Let k be ((-90)/24)/5 + (-123)/(-4). Let w be ((-58)/(-4))/((-3)/(-6)). Let z = w - k. Calculate b(z).
5
Let q(m) = m**3 - 2*m**2 - m - 7. Let f be (-1 - 38/(-14))/((-52)/(-182)). Suppose f = -8*x + 10*x. Calculate q(x).
-1
Let n be (27/(-2))/(48/(-64)). Suppose -3*x + 0 = n. Let h(d) be the third derivative of d**6/120 + 7*d**5/60 + d**4/4 + 2*d**3/3 - 2*d**2. What is h(x)?
4
Let w(s) = -s**3 - s**2 + 28*s + 29. Let n be w(-1). Let a(g) = -51*g**2 + 2*g - 2. Determine a(n).
-51
Let o(r) = -2*r**2 + 2*r + 1. Let b(m) = -3*m - 5*m + 12*m - 25. Let w be b(8). Suppose -2*x + 2*l - 4 = 0, 0 = -x - 0*x + 2*l - w. What is o(x)?
-11
Let v(a) = -2*a**3 - 92*a**2 - 12*a + 98. Let x(b) = b**3 + 40*b**2 + 7*b - 48. Let s(w) = 2*v(w) + 5*x(w). What is s(-15)?
16
Let n(i) = 48189*i**2 + 30 + 36*i - 48191*i**2 + 47. Determine n(20).
-3
Let o(v) = 2*v**2 + v - 2. Let t(i) = -3*i + 16. Let b be t(0). Suppose -5*l + b = -109. Let z = -27 + l. What is o(z)?
4
Let b(h) = -h**3 - 55*h**2 - 61*h - 379. Let k be b(-54). Let i(c) = -8*c**3 + 4*c**2 + 13*c + 9. Give i(k).
8
Suppose -4 - 14 - 52 = 70*i. Let x(t) = 8*t**3 + t**2 - 2. Calculate x(i).
-9
Let u(m) = m**2 + m + 1. Let i(r) = -2*r**2 - 11*r + 8. Let k(c) = c**2 - 17*c + 27. Let b be k(15). Let x(v) = b*u(v) - i(v). Calculate x(9).
-20
Let t be 1/2*(17 - 25). Suppose 10*l - 3*l = 0. Let o(u) = -5*u + 4*u**2 + u**3 + l + 6 - 8. Calculate o(t).
18
Suppose 52*q = 51*q + 3. Let k be (-72)/108 + (-2 - 4/q). Let x(v) = 4*v + 5. Calculate x(k).
-11
Let l(n) = 3*n - 10. Let a(t) = 2*t**2 + 6*t - 70. Let o be a(9). Suppose o - 378 = -29*b. Determine l(b).
14
Let r be 2/(((-11)/22)/(42/8)). Let m(d) = -d**3 - 21*d**2 + 2*d + 48. Let g be m(r). Let a(o) = 6 - o**2 - 6 + 6*o + 6. Give a(g).
6
Let p(a) = 2 + 571*a**2 - 2*a - 570*a**2 - 9. Let s = 776 - 772. What is p(s)?
1
Let j(m) = -m - 6. Let i be j(2). Let l = i + 6. Let t(h) = 14*h. Determine t(l).
-28
Let m(z) = 3*z + 8. Let t = 785 + -792. Determine m(t).
-13
Let u(y) = -y**2 + 6*y - 5. Let c(b) = -4*b**2 + 29*b + 2. Let l be c(6). Suppose 2*i + 6 = 3*k, -2*i = -2*k - 30 + l. What is u(k)?
3
Let c(v) = 2*v**2 + 2 - 4 - 3*v**2 - 3 + 4*v. Suppose -5*j + 22 = -d, j + 4*d = -0*j - 4. Suppose 25 = b + j*b. Determine c(b).
-10
Let l(o) = -30*o + 13*o - 27*o**2 + 15*o + 26*o**2 + 1. Let i = -5 + 3. Determine l(i).
1
Let y(t) = t**3 - 5*t**2 + 6*t - 14. Let u be y(4). Let z(g) = -g**2 + 2*g + 53. Let f be z(u). Let j(v) = -2*v. Calculate j(f).
-10
Suppose 9*u + 8 = 35. Let g(x) = 8*x**2 - 9502*x + x**u - 11 + 9504*x - 2*x**3. Determine g(8).
5
Suppose 128 = -115*d - 10*d - 3*d. Let q(k) = -6*k**2 - 3*k. Determine q(d).
-3
Let o(z) = -z**3 + 18*z**2 - 20*z + 13. Suppose -16*u + 319 + 9 = 56. What is o(u)?
-38
Let g(c) = c + 3*c**2 + 0*c + 2 - 4*c**2. Let r be 300/78 + -4 + (140/(-13))/(-5). What is g(r)?
0
Let b be 176/24 - 4/(-6). Let w = 8 - b. Let m(o) = -2*o + w*o + 5 + 7*o - 4. Determine m(1).
6
Let z(u) = u**2 - 15*u + 17. Let w be z(14). Suppose 0 = w*j + j - 52. Suppose -2 = -j*h + 14*h. Let x(r) = r**2 + 3*r + 1. Determine x(h).
-1
Suppose o - 75 = -2*d, 3*o - 5*d - 44 = 126. Let a = o + -73. Let n(y) = -y**3 - 7*y**2 + 8*y - 3. What is n(a)?
-3
Let o(w) be the third derivative of -7*w**4/12 - 2*w**3/3 - 759*w**2. What is o(-1)?
10
Let q(o) = -4*o**3 + 39*o**2 + 9*o + 6. Let c be 2/(-12) + (28/24 - -9). Determine q(c).
-4
Let q(w) = w**3 - 2*w**2 - 2*w - 1. Suppose 0*a + 2*k + 2 = 2*a, -k - 9 = -3*a. Suppose -g = -5 + 4. Let b = a - g. Calculate q(b).
2
Let x(h) = 8*h - 46. Let l(c) = 10*c - 46. Let m(k) = -2*l(k) + 3*x(k). Let r be m(12). Let b(y) = y. Let s(o) = o + 1. Let j(p) = 5*b(p) - s(p). Give j(r).
7
Let i = 12 + -5. Let x(d) be the second derivative of -d**4/12 + 5*d**3/6 + 3*d**2 + 9*d + 91. Determine x(i).
-8
Let w be 26/16 - 30/(-80). Let u(i) = 31*i**2 + 47*i**2 + 18*i + 21 - 79*i**w. Determine u(19).
2
Let o(n) = 1387 + 1381 - 5535 + 1380 + 1383 - n. Give o(-20).
16
Let t(n) = -n + 4*n - 5*n + 3*n - 4 + 1. Let r be -5*(-6)/(-15)*1. Determine t(r).
-5
Let f(c) = 5*c**3 + 3*c**2 - c - 5. Let w = -71 - -61. Let q = -16 - w. Let h(n) = -14*n**3 - 9*n**2 + 2*n + 14. Let r(p) = q*h(p) - 17*f(p). Give r(4).
5
Suppose 4*p + 3 = -2*q + q, 5*q + 15 = -4*p. Let r be ((-9)/(-6))/(54/16 + q). Let n(t) = -t**2 + 2*t + 2. Calculate n(r).
-6
Suppose -3*h + 9 = 4*s, -118*s - 2*h + 6 = -115*s. Let y(v) = v**3 - 6*v**2 - 25. Give y(s).
-25
Let m(w) = w**2 - 8*w - 18. Let n = 2053 + -2044. What is m(n)?
-9
Suppose -2*x - 16 = 2*b, -x + 116 = 3*b + 132. Let h(a) = a**3 + 5*a**2 + 2*a - 3. Let k be h(-4). Let r(p) = 2*p + k*p + 4 - 8*p. Determine r(b).
8
Let z = 1 - -27. Let n(q) = 5*q - 50 + z*q**2 - 27*q**2 + 54. Give n(-3).
-2
Suppose 2*w = 0, -2*h - 18 = h + 4*w. Let o(y) = -12884*y**3 - 7*y**2 + 12883*y**3 - y + y**2. Calculate o(h).
6
Let m(f) = -2*f**2 + 33*f + 20. Let j be m(17). Let a(b) = 4*b + 251*b**2 + b**j - 123*b**2 - 3 - 129*b**2. Calculate a(2).
9
Suppose 8*h = -4*n + 5*h + 75, 5*n - 2*h = 65. Let v(m) = -107*m**2 - 99*m**2 + n + 17*m + 207*m**2. Give v(-16).
-1
Let h(y) = -y**3 + 4*y**2 + 10*y - 9. Let d be (24 + 7 + -1)*(-12)/(-20). Suppose 87*z = 84*z + d. Give h(z).
-21
Let m(j) = -j - 2. Suppose -2*v = 9*v + 22. Let q be m(v). Let h(r) = 3 - r - r**2 + q*r**2 + 3. Calculate h(0).
6
Let v(d) = -d**3 + 6*d**2 + d - 8. Let b(p) = p**3 + 7*p**2 + 5*p. Let z = -41 + 35. Let s be b(z). Determine v(s).
-2
Let j(b) = -11*b**2 - 4*b - 196. Let l(z) = 7*z**2 + 5*z + 123. Let t(w) = 5*j(w) + 8*l(w). Calculate t(0).
4
Let p be (-1)/2*-2*77. Let h = p - 77. Let d(c) = -6*c**2 + 1 - c + h + 4*c**2. Give d(-2).
-5
Let h(t